8.
6436
Convert -101101101 (base 2) to base 5.
-2430
Convert 104 (base 13) to base 16.
ad
What is 5d6 (base 15) in base 5?
20301
Convert -1105 (base 11) to base 6.
-10425
What is 4692 (base 14) in base 12?
7134
Convert b61 (base 12) to base 6.
11401
-2340 (base 9) to base 2
-11011001001
Convert -104041 (base 5) to base 12.
-213a
3284 (base 11) to base 2
1000011100111
What is 44c (base 14) in base 5?
11402
What is -101001111 (base 2) in base 4?
-11033
Convert 7421 (base 11) to base 6.
113252
Convert 354243 (base 6) to base 9.
46180
What is 73dd (base 16) in base 15?
8bc6
What is 655 (base 9) in base 2?
1000011000
Convert -bf3 (base 16) to base 7.
-11630
10447 (base 8) to base 6
32155
Convert -7c (base 15) to base 13.
-90
What is 321113 (base 4) in base 14?
14a3
Convert 2156 (base 10) to base 13.
c9b
What is -231201 (base 5) in base 8?
-20155
-a1 (base 15) to base 9
-177
-2c7 (base 13) to base 9
-616
What is 2bb (base 15) in base 9?
765
What is 291 (base 10) in base 5?
2131
-1635 (base 7) to base 11
-553
2bb (base 12) to base 5
3211
-671 (base 9) to base 13
-334
What is -1021151 (base 6) in base 4?
-30011323
What is 19bd (base 14) in base 8?
11103
278 (base 12) to base 3
112002
Convert 34752 (base 8) to base 5.
433301
1010000100101 (base 2) to base 11
3969
24426 (base 13) to base 5
4112433
What is -288a (base 11) in base 14?
-1504
Convert -96a5 (base 12) to base 8.
-40235
Convert 6910 (base 10) to base 7.
26101
What is -21421 (base 5) in base 8?
-2716
Convert 1525 (base 7) to base 5.
4412
What is -101110200 (base 4) in base 6?
-1304240
Convert 1200011 (base 3) to base 2.
10011000011
-202 (base 14) to base 9
-477
4c5a (base 14) to base 8
32140
What is -100112022 (base 3) in base 2?
-1101100100011
-3441 (base 7) to base 4
-103212
120 (base 7) to base 11
58
c2c (base 14) to base 3
10021121
What is -1744 (base 11) in base 3?
-10001110
2301 (base 4) to base 7
342
What is -474 (base 15) in base 11?
-838
What is 8815 (base 10) in base 9?
13074
What is -493 (base 11) in base 13?
-361
What is -1001111000111100 (base 2) in base 3?
-2001120022
-110212001 (base 3) to base 6
-111214
What is 4c (base 15) in base 7?
132
Convert 504331 (base 6) to base 11.
27a57
Convert 4b91 (base 12) to base 3.
102210201
Convert 25765 (base 9) to base 10.
17393
-5612 (base 8) to base 3
-11001102
Convert 12330322 (base 4) to base 11.
1a436
What is -552 (base 11) in base 5?
-10122
-2563 (base 16) to base 15
-2c81
Convert -3438 (base 10) to base 2.
-110101101110
-10121 (base 3) to base 5
-342
-120102 (base 3) to base 5
-3131
Convert 12344 (base 8) to base 15.
18b8
Convert -436 (base 9) to base 16.
-165
Convert -10000001 (base 2) to base 11.
-108
What is -53134 (base 6) in base 10?
-7186
Convert 10010101111110111 (base 2) to base 15.
17b46
Convert 32 (base 8) to base 14.
1c
Convert 130202 (base 7) to base 11.
17129
What is 345 (base 7) in base 9?
220
Convert -46581 (base 10) to base 15.
-dc06
What is -2360 (base 7) in base 2?
-1101101011
Convert 29a (base 14) to base 16.
210
-a358 (base 12) to base 7
-102560
What is 20444 (base 6) in base 7?
11026
Convert -3342 (base 12) to base 15.
-1a2b
Convert -845 (base 10) to base 3.
-1011022
Convert -20000211 (base 3) to base 5.
-120041
What is 1133301 (base 4) in base 14?
233b
What is -11210201 (base 3) in base 14?
-13c2
What is -46603 (base 8) in base 16?
-4d83
3333233 (base 5) to base 4
32103020
Convert 1296 (base 11) to base 6.
11434
42361 (base 7) to base 8
24360
-752 (base 13) to base 7
-3434
Convert 110121210 (base 3) to base 15.
2ad6
-133011 (base 4) to base 13
-ba0
What is 1786 (base 14) in base 8?
10212
-12b (base 13) to base 16
-ce
1102322 (base 4) to base 14
1d10
86a2 (base 12) to base 13
6983
What is -12000001 (base 3) in base 10?
-3646
21 (base 14) to base 5
104
Convert 8225 (base 12) to base 9.
21352
6a14 (base 11) to base 14
34dd
2302234 (base 5) to base 14
10cc8
-830 (base 9) to base 8
-1243
Convert -3237 (base 13) to base 14.
-2783
Convert 5c5 (base 15) to base 11.
a91
What is -2000311 (base 4) in base 12?
-4931
-158b2 (base 12) to base 11
-21045
What is -7a (base 16) in base 15?
-82
Convert -1100211202 (base 3) to base 16.
-68ea
Convert -80 (base 11) to base 16.
-58
Convert -305 (base 15) to base 12.
-488
-296 (base 13) to base 4
-13031
1c29 (base 15) to base 8
13742
2214334 (base 5) to base 3
1222010001
Convert -1131 (base 8) to base 6.
-2441
Convert 23533 (base 7) to base 4.
1133110
197aa (base 15) to base 16
1432f
11001001110000 (base 2) to base 9
18636
What is -314 (base 13) in base 8?
-1014
Convert -104434 (base 5) to base 3.
-12010200
What is -4027 (base 10) in base 12?
-23b7
What is 89b (base 15) in base 14?
9d0
Convert -148 (base 14) to base 12.
-198
Convert -3203 (base 5) to base 12.
-2b8
Convert 354 (base 12) to base 4.
13300
What is -51354 (base 6) in base 13?
-3160
Convert -16610 (base 7) to base 13.
-2222
Convert -4684 (base 10) to base 2.
-1001001001100
11393 (base 10) to base 2
10110010000001
What is 904c (base 16) in base 6?
443004
bcc (base 15) to base 14
d87
What is 20354 (base 6) in base 4?
222232
-230122 (base 4) to base 9
-3807
Convert -58713 (base 9) to base 7.
-222222
102043 (base 5) to base 10
3398
What is -21587 (base 9) in base 10?
-14335
1121201 (base 4) to base 7
22463
What is 174bb (base 13) in base 9?
67364
What is -16257 (base 8) in base 9?
-11058
-1740 (base 14) to base 3
-12201112
4666 (base 7) to base 2
11010110010
What is 12646 (base 8) in base 5?
134132
Convert -1355 (base 6) to base 14.
-1b9
8b25 (base 14) to base 16
5e4d
What is -11110101011 (base 2) in base 9?
-2621
Convert 303333 (base 4) to base 3.
11120020
What is -1306 (base 14) in base 5?
-101323
36700 (base 8) to base 15
4a3d
26140 (base 12) to base 5
3131112
What is 89d (base 14) in base 11?
1312
Convert -7c0 (base 14) to base 4.
-120010
What is 243 (base 13) in base 5?
3033
30232 (base 4) to base 8
1456
What is 116501 (base 8) in base 14?
10957
Convert 31a (base 11) to base 6.
1440
Convert 1436 (base 7) to base 10.
566
What is 40267 (base 8) in base 3?
211201121
Convert 358 (base 9) to base 7.
602
What is 414 (base 6) in base 8?
232
165014 (base 7) to base 3
1200011222
-5741 (base 14) to base 11
-10422
What is 64647 (base 11) in base 12?
4644b
Convert 155342 (base 6) to base 2.
11110001101110
33130 (base 4) to base 6
4324
What is 1760 (base 10) in base 16?
6e0
What is -100121 (base 3) in base 2?
-100000011
-1252 (base 8) to base 15
-307
What is -2582 (base 10) in base 6?
-15542
Convert -102022200 (base 3) to base 6.
-102113
Convert 10001111100110110 (base 2) to base 11.
50272
What is 100000101110 (base 2) in base 16?
82e
Convert 358 (base 13) to base 16.
244
What is -104242 (base 5) in base 7?
-13531
Convert -1031 (base 15) to base 4.
-311131
What is -1110111100011010 (base 2) in base 4?
-32330122
142 (base 7) to base 6
211
What is -114 (base 6) in base 4?
-232
4463 (base 8) to base 10
2355
What is -dffe (base 16) in base 5?
-3313332
-32 (base 15) to base 11
-43
1254 (base 9) to base 13
574
Convert 698a (base 15) to base 7.
122215
What is -305 (base 10) in base 5?
-2210
1662 (base 7) to base 15
306
9013 (base 12) to base 9
23316
What is -1000110101 (base 2) in base 7?
-1435
bc4 (base 16) to base 9
4116
Convert -24241 (base 5) to base 12.
-1079
Convert -49 (base 13) to base 5.
-221
What is 98c (base 13) in base 10?
1637
What is -759 (base 12) in base 7?
-3066
What is c3c6 (base 15) in base 6?
515253
What is 100101111 (base 2) in base 15?
153
-3847 (base 15) to base 9
-17404
-121110 (base 5) to base 6
-32550
Convert -2133 (base 5) to base 3.
-101212
Convert 1002102 (base 3) to base 2.
1100011010
Convert 1311140 (base 5) to base 11.
18420
Convert -15894 (base 13) to base 10.
-41019
Convert 798c (base 16) to base 12.
16010
-57143 (base 8) to base 15
-725d
-32101 (base 5) to base 2
-100001100111
What is 9661 (base 11) in base 15?
3bb7
3233 (base 5) to base 10
443
What is -23605 (base 9) in base 15?
-4a35
What is -25072 (base 11) in base 14?
-d1a8
Convert 1100010011010 (base 2) to base 8.
14232
1310 (base 10) to base 8
2436
What is 232 (base 16) in base 9?
684
65c (base 15) to base 8
2635
What is -8e (base 15) in base 16?
-86
-11210221 (base 3) to base 10
-3508
Convert 10ac (base 13) to base 10.
2339
What is -120212 (base 3) in